 2*u**2 + 5*u**3 - 4*u**2 - 1. What is the units digit of f(3)?
8
Suppose 5*k + 3*v = 145, 4*k + 2*v = k + 88. Let b = k - 6. What is the tens digit of b?
2
Suppose -29*r + 31*r = 28. What is the tens digit of r?
1
Let b(h) = -h**3 - 2*h**2 + 2*h + 4. Let g = -5 - -2. What is the units digit of b(g)?
7
Let y(j) = -127*j + 2. What is the hundreds digit of y(-1)?
1
Let s(x) = -x - 4. Suppose 3*d + 4 = 2*b - 6, 3*d + 5*b + 38 = 0. Let h be s(d). What is the tens digit of 15 + h + (-8)/2?
1
Let x = 17 - 17. Suppose -3*z + 69 = -x*z. What is the tens digit of z?
2
Let z = 11 + -10. What is the units digit of 1/(4/88*z)?
2
Let z = 3 - 4. Let c be (-1 - 1/z)/1. Let q = 3 - c. What is the units digit of q?
3
Suppose -r = 3*r - 8. Let o(b) = 3*b + r*b**2 - b**2 - 2*b - 2*b**3. What is the units digit of o(-1)?
2
Suppose 360 = 13*o - 8*o. What is the units digit of o?
2
Let z(m) = -m - 10. Let b be z(-8). What is the tens digit of (-2 + 1)/(b/34)?
1
Suppose 0 = -4*u - u - p + 43, 2*u = -5*p + 31. Suppose -13 = 4*g + 11. What is the units digit of 3/(-1)*u/g?
4
Suppose 5 = -d + 4*i, -2*d + 0*d + 3*i + 10 = 0. What is the tens digit of d?
1
What is the tens digit of -4 - (3 - 4)*51?
4
Suppose 0 = -4*k + 12. Suppose -k*l - 2*h = 3*h - 56, -4*l = -5*h - 28. What is the units digit of l?
2
What is the units digit of -4 + ((-81)/3)/(-3)?
5
Suppose -2*q + 8 = 4. What is the units digit of (-60)/8*(q - 4)?
5
Let x = -8 + 11. Suppose -q = -x*q + 6. What is the units digit of -1*-1*6/q?
2
Suppose 2*v = 5*v. Suppose -t + 5*a + 25 = -v*t, 4*a - 18 = -3*t. What is the tens digit of t?
1
What is the tens digit of 0 - -1 - (8 - -1)*-1?
1
Suppose -2*i + 194 + 18 = 0. What is the hundreds digit of i?
1
Suppose 3*y - 8*y + 5 = 0. Let o = y + 11. What is the units digit of o?
2
Let w(x) = -2*x**2 - 2*x + 1. Let j be w(-2). What is the tens digit of (0 - -1) + (-39)/j?
1
Suppose -6*f + f + 30 = 4*d, -d + 11 = 3*f. Suppose f*i - 46 = -16. What is the tens digit of i?
1
Suppose -2*v = -7*v. Suppose -3*u + 5*m + 96 = v, m - 96 = -4*u - 3*m. What is the units digit of u?
7
Let t(g) = g**2 + 7*g + 8. Let i be t(-6). Let q(p) = 6*p**2 + 0 + 4 - p**3 - 4*p - i - 4. What is the units digit of q(5)?
3
Suppose 3*n - 20 = 5*v, 3*n = n - 3*v + 7. Let w = -3 + n. Suppose -w = -5*f - 7, -f + 23 = 2*k. What is the tens digit of k?
1
Let g be ((-1)/(-3))/((-2)/6). Let k = 5 + g. What is the units digit of -2 + k + 6 + -1?
7
Let w be 53 - (-3 - (-6)/3). Suppose 4*n = w - 6. What is the units digit of n?
2
What is the tens digit of 16/1*60/(-8)*-1?
2
Suppose 0 = -4*o - o. Suppose -d + 3*f + 38 = o, 0*d + 2*d = f + 56. Let v = -14 + d. What is the units digit of v?
2
Let t(p) = 16*p - 15. Let w(f) = 24*f - 22. Let s(o) = -7*t(o) + 5*w(o). What is the units digit of s(5)?
5
Let f(j) be the first derivative of -4*j**2 + 5*j + 1. Let v(k) = -k. Let i(u) = -f(u) + 5*v(u). What is the tens digit of i(5)?
1
Suppose 2*k = 3*a + 70, k - 3*k - 2 = 0. Let n = 107 - 63. Let o = a + n. What is the tens digit of o?
2
Suppose 7*f - 525 = 588. What is the hundreds digit of f?
1
What is the tens digit of -3*4/54 - (-5320)/45?
1
Let f(r) = r**3 - 16*r**2 - 13*r - 6. What is the units digit of f(17)?
2
Let z(l) = 2*l - 9. Let i be z(7). Suppose -i + 142 = 5*a - 4*v, a - 16 = -3*v. What is the tens digit of a?
2
Let d = -95 + 162. What is the units digit of d?
7
Let x(p) = 3*p**3 - 1. Let t be x(1). Let u(k) = k**2 - k - 1. Let o be u(t). Let i = o + 5. What is the units digit of i?
6
Suppose -2*k = -10, -3*v + 2*k - 10 = -6*v. Let j be 0/(v - 2/2). Suppose 7 = -j*n + n. What is the units digit of n?
7
Let z = -1 + 7. What is the tens digit of 1/z - 1507/(-66)?
2
Suppose 0 = -5*l + 2*x, -l = -2*x + 3 + 5. Let n = l - 0. What is the units digit of n?
2
Let d(j) = -j**2 + 6*j - 7. Let s be d(5). Let g = 11 - s. What is the units digit of g?
3
Let w be 1 + 2 + (-26)/(-1). Suppose 3*p - w - 55 = 0. Suppose 3*u - k = p, u + 0*k + 3*k = 26. What is the tens digit of u?
1
Suppose 5*k - 96 = -3*t, 2*t - 5*t = 2*k - 96. What is the units digit of t?
2
Suppose 3*r + 13 = 214. Suppose -9 = -4*t + r. What is the units digit of t?
9
Suppose -g - 8*c = -4*c - 93, 4*c = 12. What is the tens digit of g?
8
Suppose 9 = 5*n - 11. Suppose 2*q + 40 = n*q. Suppose 5*v - q = 0, 2*k + 0*v = -3*v + 22. What is the units digit of k?
5
Suppose -5*f + 1144 - 369 = 0. What is the hundreds digit of f?
1
Let w(m) = -8*m. Let b be w(1). Let p = 6 + b. What is the units digit of p/4*-13*2?
3
Suppose -20 = -4*g - 4*y, g = -2*g + 5*y + 23. Let n = g + -3. Suppose 4 + n = j. What is the units digit of j?
7
Let d = 127 + -11. Suppose 2*o - 27 = -n, -n - 2*n = -o - d. What is the tens digit of n?
3
Suppose 4*c - 4*o + 60 = 0, -2*o + 27 = -2*c - 3*o. Let b be 3/((9/20)/3). Let w = c + b. What is the units digit of w?
6
Let f = -10 + 14. Suppose -11 - f = -3*u. What is the units digit of u?
5
Let f be (-3)/(-5)*(3 + 2). Suppose -43 = -f*g + 62. Suppose -4*o + 21 = -2*o + n, -3*o = -2*n - g. What is the units digit of o?
1
Let v = 7 - -10. Let b = v + -9. Let t = b + 1. What is the units digit of t?
9
What is the tens digit of (1 - -4)*42/6?
3
Suppose -2*r + 8 = 0, 0 = 5*a - 5*r - 0 + 5. Suppose 49 - 175 = -a*d. What is the tens digit of d?
4
Let q = 18 - 3. Let b = -3 + q. What is the tens digit of b?
1
Let y = 4 + 2. What is the units digit of y?
6
Let k be (-1 + 3)/((-2)/(-5)). Suppose -k*r + 120 = 40. What is the tens digit of r?
1
Let p(v) = v**2 - 3. Let t be p(7). Suppose -13 = -b + 3*z, b - t = -2*b + 2*z. Suppose b = 4*d - 2*d. What is the units digit of d?
8
Suppose 5*o - 7 - 3 = 0. Suppose 0 = l - 1, o*b - 2*l = -0*l + 114. What is the units digit of b?
8
Suppose -2*o = -u - 0*o + 5, 4*u + o = -7. Let z(j) = -3*j**3. What is the units digit of z(u)?
3
Let s(k) = k**3 + 5*k**2 + 2*k + 11. What is the units digit of s(-5)?
1
Let l = 9 - 17. Let q = l - -5. What is the units digit of (1 - (1 + q)) + -2?
1
Let t(z) = 0*z + z + 0*z. Let x be t(2). Suppose p - 3 = -4*f, -2*p + 2*f + 30 = -x*f. What is the tens digit of p?
1
Let h = 12 - 0. What is the units digit of h?
2
Suppose -4*k = 3*v - 625, -5*v + k + 1032 = -2*k. What is the tens digit of v?
0
Let a = -16 + 31. Suppose 4*l - a = 9*l. What is the tens digit of (-15)/(-10)*(-22)/l?
1
Suppose 7*b - 141 = 153. Suppose 4*h + b = 262. What is the tens digit of h?
5
Suppose 10 = 3*p + 2*p. Let m be p + -3 - (-3 - -2). What is the units digit of 2*(m - (-2)/2)?
2
Suppose 0 = 2*r - 5*h - 1 - 1, h = 2. Suppose 120 = 3*k + r. What is the tens digit of k?
3
Suppose -2*w + x - 9 = -2*x, 4*w + 4*x + 28 = 0. What is the tens digit of (w/(-4))/(21/308)?
2
Let d(f) = 2*f + 13. What is the units digit of d(11)?
5
Let r be (0*(-3)/(-6))/2. Suppose r = -4*c - 0*c + 156. What is the units digit of c?
9
Suppose -89 - 19 = -2*v. What is the units digit of v?
4
Suppose 5*n = 4*n. Let o = 11 + n. What is the units digit of o?
1
Let t(v) = v - 11. Let i be t(16). Suppose -7*u + i = -2*u. What is the units digit of u?
1
Suppose k + 3*j - 72 = -19, 3*j = 6. What is the units digit of k?
7
Let x(h) = 3*h + 6. Let l be x(-4). What is the units digit of 15*5/((-75)/l)?
6
Let b(o) = -86*o - 4. What is the tens digit of b(-2)?
6
Suppose -5*q + q + 24 = 0. Suppose 0*f - q = -3*f. What is the units digit of -1 - -3 - (-6)/f?
5
Suppose 35 = -i - 1. Let t be (-2)/9 - 152/i. Suppose 8*z - 20 = t*z. What is the units digit of z?
5
Let b be -3 + (-2 + 1 - -66). Suppose 3*x - 5*c - 31 = 0, 2*c = 5*x + 4*c - b. What is the units digit of x?
2
Let g be 3/(-7) - (-342)/14. Suppose -2 = -z + g. What is the units digit of z?
6
Let b(n) = -3*n + 16. What is the units digit of b(0)?
6
Let f(z) = 8*z - 2. Let o be f(4). Suppose -5*d = -15, o = 2*t + d + 3*d. Let v = -7 + t. What is the units digit of v?
2
Let i(s) be the third derivative of s**5/30 - s**4/24 + s**3/6 + 2*s**2. What is the units digit of i(2)?
7
Let w = 65 + -41. What is the units digit of w?
4
Let a = -23 - -49. What is the tens digit of a?
2
Let y = 171 + -102. What is the tens digit of y?
6
Suppose f - 2*h = -f - 28, 0 = -5*f - 2*h - 42. Let u be (45/f)/(2/8). What is the units digit of (-76)/u + (-6)/27?
4
Suppose 3*p + 4*l = 171, 0 = 3*p - p + l - 114. What is 